{"version":"1.0","type":"rich","provider_name":"ALAIN VALETTE Coutelier d&#8217;art","provider_url":"https:\/\/couteauxvalette.com.spipfactory.fr","title":"Changement de point de vente","author_name":"alette","width":"480","height":"295","url":"http:\/\/www.couteauxvalette.com\/changement-de-point-de-vente.html","html":"\u003Ch4 class='title'\u003E\u003Ca href='http:\/\/www.couteauxvalette.com\/changement-de-point-de-vente.html'\u003EChangement de point de vente\u003C\/a\u003E\u003C\/h4\u003E\u003Cblockquote class='spip'\u003E\n\u003Cp\u003EJ\u2019ai le regret de vous informer que le magasin DI spartac\/ au sou d\u2019or, distributeur du &#171;&nbsp;\u202fcouteau de B\u00e9ziers\u202f&nbsp;&#187; a d\u00e9finitivement ferm\u00e9 apr\u00e8s 8 ann\u00e9es d\u2019association. \n\u003Cbr class='autobr' \/\u003E\nC\u2019est gr\u00e2ce aux efforts de Laurent que ce couteau r\u00e9gional a d\u00e9pass\u00e9 les fronti\u00e8res et s\u2019est fait conna\u00eetre dans le monde des collectionneurs et amateurs de couteaux pliants&nbsp;; qu\u2019il en soit grandement remerci\u00e9. \n\u003Cbr class='autobr' \/\u003E\n\u00c0 partir de ce mois de mai, contactez-moi directement par mail ou sur ma page FB&nbsp;: alainvalettecreations pour toute&nbsp;(\u2026)\u003C\/p\u003E\n\u003C\/blockquote\u003E\n"}

<h4 class='title'><a href='http://www.couteauxvalette.com/changement-de-point-de-vente.html'>Changement de point de vente</a></h4><blockquote class='spip'>
<p>J’ai le regret de vous informer que le magasin DI spartac/ au sou d’or, distributeur du &#171;&nbsp; couteau de Béziers &nbsp;&#187; a définitivement fermé après 8 années d’association. 
<br class='autobr' />
C’est grâce aux efforts de Laurent que ce couteau régional a dépassé les frontières et s’est fait connaître dans le monde des collectionneurs et amateurs de couteaux pliants&nbsp;; qu’il en soit grandement remercié. 
<br class='autobr' />
À partir de ce mois de mai, contactez-moi directement par mail ou sur ma page FB&nbsp;: alainvalettecreations pour toute&nbsp;(…)</p>
</blockquote>
